{"id":286,"date":"2021-10-23T23:57:37","date_gmt":"2021-10-24T02:57:37","guid":{"rendered":"https:\/\/ebook.editoraorsamaggiore.com.br\/?post_type=product&#038;p=286"},"modified":"2025-05-22T18:22:52","modified_gmt":"2025-05-22T21:22:52","slug":"solucoes-dos-problemas-propostos-em-mecanica-das-estruturas","status":"publish","type":"product","link":"https:\/\/ebook.editoraorsamaggiore.com.br\/?product=solucoes-dos-problemas-propostos-em-mecanica-das-estruturas","title":{"rendered":"Solu\u00e7\u00f5es dos problemas propostos em Mec\u00e2nica das Estruturas"},"content":{"rendered":"","protected":false},"excerpt":{"rendered":"","protected":false},"featured_media":287,"comment_status":"open","ping_status":"closed","template":"","meta":[],"class_list":{"0":"post-286","1":"product","2":"type-product","3":"status-publish","4":"has-post-thumbnail","6":"product_cat-uncategorized","7":"latest_post","9":"first","10":"instock","11":"shipping-taxable","12":"purchasable","13":"product-type-simple"},"_links":{"self":[{"href":"https:\/\/ebook.editoraorsamaggiore.com.br\/index.php?rest_route=\/wp\/v2\/product\/286","targetHints":{"allow":["GET"]}}],"collection":[{"href":"https:\/\/ebook.editoraorsamaggiore.com.br\/index.php?rest_route=\/wp\/v2\/product"}],"about":[{"href":"https:\/\/ebook.editoraorsamaggiore.com.br\/index.php?rest_route=\/wp\/v2\/types\/product"}],"replies":[{"embeddable":true,"href":"https:\/\/ebook.editoraorsamaggiore.com.br\/index.php?rest_route=%2Fwp%2Fv2%2Fcomments&post=286"}],"wp:featuredmedia":[{"embeddable":true,"href":"https:\/\/ebook.editoraorsamaggiore.com.br\/index.php?rest_route=\/wp\/v2\/media\/287"}],"wp:attachment":[{"href":"https:\/\/ebook.editoraorsamaggiore.com.br\/index.php?rest_route=%2Fwp%2Fv2%2Fmedia&parent=286"}],"curies":[{"name":"wp","href":"https:\/\/api.w.org\/{rel}","templated":true}]}}