{"id":412,"date":"2025-04-18T12:22:37","date_gmt":"2025-04-18T15:22:37","guid":{"rendered":"https:\/\/ebook.editoraorsamaggiore.com.br\/?post_type=product&#038;p=412"},"modified":"2025-04-25T09:10:07","modified_gmt":"2025-04-25T12:10:07","slug":"confiabilidade-e-seguranca-das-estruturas","status":"publish","type":"product","link":"https:\/\/ebook.editoraorsamaggiore.com.br\/?product=confiabilidade-e-seguranca-das-estruturas","title":{"rendered":"Confiabilidade e Seguran\u00e7a das Estruturas"},"content":{"rendered":"<p>O livro foi escrito para engenheiros e estudantes de engenharia, com rigor t\u00e9cnico, por\u00e9m evitando formalismos matem\u00e1ticos considerados desnecess\u00e1rios.<br \/>\nO texto detalha a teoria de confiabilidade estrutural e suas ferramentas, bem como diversas aplica\u00e7\u00f5es pr\u00e1ticas.<br \/>\nS\u00e3o apresentados v\u00e1rios algoritmos para a implementa\u00e7\u00e3o em programa\u00e7\u00e3o em computador.<\/p>\n<p>T\u00edtulo: Confiabilidade e Seguran\u00e7a das Estruturas<br \/>\nAutor: Andr\u00e9 Te\u00f3filo Beck, Ph.D.<br \/>\nEditora: Orsa Maggiore<br \/>\nAno: 2024 &#8211; 2. ed.<br \/>\nP\u00e1ginas: 492<br \/>\nLivro preto\/branco, capa dura<br \/>\n150 figuras e gr\u00e1ficos, 41 tabelas<br \/>\nDimens\u00f5es: 21 x 27 cm,<br \/>\nISBN 978-65-993681-7-2<\/p>\n<p>Lista de conte\u00fado:<br \/>\nPref\u00e1cio<br \/>\nNota\u00e7\u00e3o<br \/>\n1 Introdu\u00e7\u00e3o a confiabilidade<br \/>\n2 Introdu\u00e7\u00e3o \u00e0 confiabilidade estrutural<br \/>\n3 M\u00e9todos de transforma\u00e7\u00e3o<br \/>\n4 confiabilidade de sistemas<br \/>\n5 Simula\u00e7\u00e3o de Monte Carlo<br \/>\n6 confiabilidade dependente do tempo<br \/>\n7 confiabilidade e as normas de projeto<br \/>\n8 Otimiza\u00e7\u00e3o estrutural baseada em confiabilidade<br \/>\nA Teoria de probabilidades: vari\u00e1veis aleat\u00f3rias<br \/>\nB Teoria de probabilidades: processos estoc\u00e1sticos<br \/>\nC Teoria de probabilidades: campos estoc\u00e1sticos<br \/>\nD Sum\u00e1rio de distribui\u00e7\u00f5es cont\u00ednuas<br \/>\nE Tabela da distribui\u00e7\u00e3o normal padr\u00e3o<br \/>\nF Programa\u00e7\u00e3o da fun\u00e7\u00e3o normal padr\u00e3o acumulada<br \/>\nG Softwares de confiabilidade<br \/>\nH Representa\u00e7\u00e3o possibil\u00edstica de incertezas<br \/>\nRefer\u00eancias<\/p>\n<p>Para comprar o LIVRO IMPRESSO e ver amostras de p\u00e1ginas, acesse https:\/\/editoraorsamaggiore.com.br<\/p>\n","protected":false},"excerpt":{"rendered":"<p>O livro foi escrito para engenheiros e estudantes de engenharia, com rigor t\u00e9cnico, por\u00e9m evitando formalismos matem\u00e1ticos considerados desnecess\u00e1rios. O texto detalha a teoria de confiabilidade estrutural e suas ferramentas, bem como diversas aplica\u00e7\u00f5es pr\u00e1ticas. S\u00e3o apresentados v\u00e1rios algoritmos para a implementa\u00e7\u00e3o em programa\u00e7\u00e3o em computador. T\u00edtulo: Confiabilidade e Seguran\u00e7a das Estruturas Autor: Andr\u00e9 Te\u00f3filo &hellip; <\/p>\n","protected":false},"featured_media":414,"comment_status":"open","ping_status":"closed","template":"","meta":[],"class_list":{"0":"post-412","1":"product","2":"type-product","3":"status-publish","4":"has-post-thumbnail","6":"product_cat-uncategorized","7":"latest_post","9":"first","10":"instock","11":"shipping-taxable","12":"purchasable","13":"product-type-simple"},"_links":{"self":[{"href":"https:\/\/ebook.editoraorsamaggiore.com.br\/index.php?rest_route=\/wp\/v2\/product\/412","targetHints":{"allow":["GET"]}}],"collection":[{"href":"https:\/\/ebook.editoraorsamaggiore.com.br\/index.php?rest_route=\/wp\/v2\/product"}],"about":[{"href":"https:\/\/ebook.editoraorsamaggiore.com.br\/index.php?rest_route=\/wp\/v2\/types\/product"}],"replies":[{"embeddable":true,"href":"https:\/\/ebook.editoraorsamaggiore.com.br\/index.php?rest_route=%2Fwp%2Fv2%2Fcomments&post=412"}],"wp:featuredmedia":[{"embeddable":true,"href":"https:\/\/ebook.editoraorsamaggiore.com.br\/index.php?rest_route=\/wp\/v2\/media\/414"}],"wp:attachment":[{"href":"https:\/\/ebook.editoraorsamaggiore.com.br\/index.php?rest_route=%2Fwp%2Fv2%2Fmedia&parent=412"}],"curies":[{"name":"wp","href":"https:\/\/api.w.org\/{rel}","templated":true}]}}